s digit of 494383?
9
What is the hundred thousands digit of 173146?
1
What is the hundred thousands digit of 183675?
1
What is the thousands digit of 70083?
0
What is the tens digit of 4406281?
8
What is the hundred thousands digit of 499374?
4
What is the thousands digit of 2368008?
8
What is the hundred thousands digit of 3503336?
5
What is the tens digit of 365338?
3
What is the hundred thousands digit of 881893?
8
What is the ten thousands digit of 2648374?
4
What is the units digit of 3489980?
0
What is the hundred thousands digit of 836496?
8
What is the ten thousands digit of 3821909?
2
What is the thousands digit of 339517?
9
What is the millions digit of 1087284?
1
What is the ten thousands digit of 2455524?
5
What is the hundred thousands digit of 3133705?
1
What is the units digit of 217337?
7
What is the hundreds digit of 430164?
1
What is the ten millions digit of 12847075?
1
What is the units digit of 10195530?
0
What is the hundreds digit of 48774?
7
What is the tens digit of 305642?
4
What is the thousands digit of 823039?
3
What is the thousands digit of 9351?
9
What is the thousands digit of 1511992?
1
What is the hundreds digit of 5117549?
5
What is the tens digit of 4731206?
0
What is the hundred thousands digit of 2363614?
3
What is the units digit of 3671474?
4
What is the hundred thousands digit of 2580733?
5
What is the hundreds digit of 323218?
2
What is the thousands digit of 192922?
2
What is the ten thousands digit of 2276058?
7
What is the hundreds digit of 4616710?
7
What is the tens digit of 1026741?
4
What is the ten thousands digit of 6561287?
6
What is the ten thousands digit of 142585?
4
What is the hundreds digit of 10220271?
2
What is the hundred thousands digit of 390013?
3
What is the hundred thousands digit of 1182709?
1
What is the units digit of 727447?
7
What is the ten thousands digit of 321226?
2
What is the hundred thousands digit of 425701?
4
What is the hundred thousands digit of 305442?
3
What is the hundreds digit of 116949?
9
What is the units digit of 1238244?
4
What is the hundred thousands digit of 2533709?
5
What is the hundreds digit of 414425?
4
What is the units digit of 284188?
8
What is the units digit of 29889?
9
What is the ten thousands digit of 1349548?
4
What is the hundreds digit of 1212778?
7
What is the ten thousands digit of 36363?
3
What is the tens digit of 607855?
5
What is the units digit of 2150651?
1
What is the hundred thousands digit of 10662032?
6
What is the hundred thousands digit of 4388677?
3
What is the ten thousands digit of 31876445?
7
What is the ten thousands digit of 809801?
0
What is the hundreds digit of 10780372?
3
What is the tens digit of 231338?
3
What is the units digit of 652353?
3
What is the hundreds digit of 5663116?
1
What is the millions digit of 6009980?
6
What is the millions digit of 24071785?
4
What is the tens digit of 612006?
0
What is the hundred thousands digit of 2876276?
8
What is the hundreds digit of 5945350?
3
What is the ten thousands digit of 677944?
7
What is the ten thousands digit of 595427?
9
What is the hundreds digit of 2868000?
0
What is the ten thousands digit of 37684?
3
What is the thousands digit of 96193?
6
What is the hundred thousands digit of 2563613?
5
What is the hundred thousands digit of 266957?
2
What is the thousands digit of 93030?
3
What is the ten thousands digit of 2547017?
4
What is the tens digit of 10333?
3
What is the thousands digit of 297498?
7
What is the tens digit of 4652844?
4
What is the ten thousands digit of 2288428?
8
What is the hundreds digit of 9187359?
3
What is the tens digit of 2439818?
1
What is the hundred thousands digit of 291085?
2
What is the tens digit of 1246182?
8
What is the tens digit of 6221141?
4
What is the millions digit of 6449318?
6
What is the hundred thousands digit of 294843?
2
What is the hundreds digit of 8097379?
3
What is the tens digit of 418734?
3
What is the hundred thousands digit of 7188992?
1
What is the units digit of 346583?
3
What is the millions digit of 8426179?
8
What is the units digit of 267012?
2
What is the hundreds digit of 1367726?
7
What is the units digit of 94296?
6
What is the millions digit of 3047790?
3
What is the thousands digit of 609127?
9
What is the tens digit of 20854340?
4
What is the units digit of 503398?
8
What is the ten thousands digit of 16613?
1
What is the hundred thousands digit of 732716?
7
What is the hundreds digit of 2913886?
8
What is the thousands digit of 261392?
1
What is the ten thousands digit of 1018395?
1
What is the units digit of 129238?
8
What is the hundreds digit of 633617?
6
What is the hundred thousands digit of 151263?
1
What is the millions digit of 2609196?
2
What is the hundred thousands digit of 304593?
3
What is the thousands digit of 2876923?
6
What is the tens digit of 7213421?
2
What is the hundreds digit of 5354559?
5
What is the units digit of 58335?
5
What is the millions digit of 7966737?
7
What is the ten millions digit of 13681108?
1
What is the ten thousands digit of 3963884?
6
What is the thousands digit of 14442060?
2
What is the hundreds digit of 211681?
6
What is the hundreds digit of 38715?
7
What is the thousands digit of 547003?
7
What is the units digit of 3646083?
3
What is the units digit of 1211377?
7
What is the millions digit of 1248731?
1
What is the ten thousands digit of 19484997?
8
What is the hundreds digit of 254547?
5
What is the units digit of 206041?
1
What is the units digit of 6058441?
1
What is the ten thousands digit of 377945?
7
What is the hundred thousands digit of 127422?
1
What is the units digit of 2665144?
4
What is the hundred thousands digit of 473988?
4
What is the thousands digit of 160261?
0
What is the hundreds digit of 329467?
4
What is the thousands digit of 173188?
3
What is the hundred thousands digit of 305389?
3
What is the units digit of 704298?
8
What is the thousands digit of 3174225?
4
What is the millions digit of 3061467?
3
What is the millions digit of 3992346?
3
What is the thousands digit of 189486?
9
What is the hundreds digit of 160059?
0
What is the thousands digit of 14816973?
6
What is the thousands digit of 974150?
4
What is the millions digit of 18641793?
8
What is the units digit of 22402773?
3
What is the hundreds digit of 194123?
1
What is the ten millions digit of 12535802?
1
What is the hundreds digit of 269418?
4
What is the ten thousands digit of 1749965?
4
What is the thousands digit of 134875?
4
What is the tens digit of 393662?
6
What is the millions digit of 2438999?
2
What is the hundreds digit of 14317?
3
What is the hundred thousands digit of 165174?
1
What is the millions digit of 1642257?
1
What is the ten thousands digit of 1034379?
3
What is the ten thousands digit of 777083?
7
What is the hundreds digit of 105081?
0
What is the ten thousands digit of 71438?
7
What is the tens digit of 996264?
6
What is the thousands digit of 3999751?
9
What is the thousands digit of 1017099?
7
What is the hundred thousands digit of 306294?
3
What is the tens digit of 28070?
7
What is the units digit of 651415?
5
What is the thousands digit of 20887660?
7
What is the tens digit of 3626936?
3
What is the hundred thousands digit of 1884048?
8
What is the hundred thousands digit of 639237?
6
What is the millions digit of 14387722?
4
What is the ten millions digit of 21833457?
2
What is the thousands digit of 469160?
9
What is the units digit of 1685835?
5
What is the tens digit of 145806?
0
What is the units digit of 577885?
5
What is the hundred thousands digit of 418623?
4
What is the tens digit of 24268477?
7
What is the millions digit of 1771502?
1
What is the tens digit of 3505149?
4
What is the tens digit of 5106788?
8
What is the ten thousands digit of 17097?
1
What is the millions digit of 29116073?
9
What is the tens digit of 29492236?
3
What is the thousands digit of 1685127?
5
What is the ten thousands digit of 76569?
7
What is the millions digit of 24593308?
4
What is the ten thousands digit of 593371?
9
What is the thousands digit of 1265622?
5
What is the ten thousands digit of 1138288?
3
What is the tens digit of 33853425?
2
What is the ten thousands digit of 80022?
8
What is the ten thousands digit of 453463?